 n/(-28). Suppose -3*r = -6*r + v. Calculate the highest common divisor of r and 23.
23
Let a = 53 + -38. Suppose -4*k = -7*k + 18. Calculate the greatest common divisor of k and a.
3
Suppose -a + 3 + 2 = 0. Suppose 64*k + 172 - 1132 = 0. Calculate the highest common divisor of k and a.
5
Let s(a) be the first derivative of a**4/4 - 4*a**3/3 + 6*a**2 - a + 12. Let w be s(5). Calculate the highest common factor of 12 and w.
12
Let a(w) = w + 7. Let k(o) = -o - 20. Let v be k(-6). Let z be 4/7*(-147)/v. Let u be a(z). Calculate the greatest common factor of u and 143.
13
Suppose 2*j - 3*h = 1047, 2*j = -h - 4*h + 1039. Calculate the greatest common factor of j and 58.
58
Suppose 120 = 2*n + 3*n. Suppose 2*s = 4*s + 2*d - 48, -s + 5*d = -24. Suppose -s = -3*t + 12. Calculate the greatest common factor of t and n.
12
Suppose -1 + 9 = 4*c. Suppose -2*b = c*d - 16, -b + 6*b = d + 10. Let r be b/((-6)/(-4)) - 1. What is the greatest common factor of 11 and r?
1
Let c be (3 + 1 - 3)*-4. Let i(s) = 5*s**2 - 3*s - 2. Let u be i(c). Calculate the highest common divisor of 18 and u.
18
Let h be 652/(-18) + 10/45. Let p be h/63*7/(-2). Suppose 0 = -5*g + p*v + 29, 0 = -5*g + 6*v - v + 20. What is the highest common divisor of 1 and g?
1
Suppose 5 = m + 1. Suppose 0 = -5*q - 5*j, -2*q + m*q + 4*j = -4. Suppose -z = q*z - 360. What is the highest common divisor of z and 15?
15
Suppose 0 = -5*q + 4*x + 300, -180 = -3*q - 0*x - x. Calculate the highest common factor of q and 1590.
30
Let y = -28 - -15. Let l = -11 - y. Suppose -1 - 439 = -l*z. Calculate the highest common divisor of z and 20.
20
Suppose 25*q = 24*q + 4*l + 69, 2*q = 2*l + 150. What is the highest common divisor of 121 and q?
11
Let a(n) = 18*n**2 - 29*n + 162. Let g be a(4). Calculate the greatest common divisor of 2 and g.
2
Suppose -3*s = -3*w + 8*w + 37, 2*s - w + 3 = 0. Let f(m) = -27*m - 5*m - 8 - 1. Let q be f(s). What is the greatest common divisor of q and 17?
17
Suppose 165*g - 3232 = 64*g. What is the greatest common divisor of 256 and g?
32
Let a be ((-1)/2)/((-7)/42). Let q(p) = -3*p - 30. Let o be q(-9). Let f(b) = b + 4. Let n be f(o). Calculate the highest common divisor of a and n.
1
Let z = -20 - -60. Suppose 41*c = z*c + 36. What is the greatest common factor of 396 and c?
36
Suppose 30 = 2*h + 34. Let z be -1 - (-243)/(-6)*h. What is the highest common divisor of 30 and z?
10
Let r(w) = 21*w + 1. Let u be r(-2). Let l = 89 - u. Let h(v) = 2*v**2 + 12*v + 12. Let s be h(-7). Calculate the highest common factor of l and s.
26
Let p = -285 - -365. What is the highest common divisor of 32 and p?
16
Let g = 229 + 2. Calculate the greatest common divisor of g and 84.
21
Let q be (-4 - -3)/(-1)*3. Suppose -4*i + 3*n = -44, -2*n = q*i - 0*n - 16. Let f be 60/i*(-1 - -7). What is the greatest common divisor of f and 18?
9
Suppose 30 = 3*u + 3. Let n be (-27)/(0 - (-3)/(-8)). Calculate the highest common divisor of u and n.
9
Let d = -133 + 149. What is the greatest common factor of 80 and d?
16
Let g(j) = -127*j - 7. Let x be g(-2). Calculate the greatest common factor of 13 and x.
13
Suppose -176*v - 75 = -181*v. Calculate the greatest common factor of v and 465.
15
Let z = -36 + 57. Suppose -3 - z = -2*o. Suppose -l + 3*y = -39, 4*l + 4*y = -y + 139. Calculate the greatest common factor of o and l.
12
Let v(b) = -2*b - 2. Let d(g) = 5*g + 4. Let h(x) = -6*d(x) - 10*v(x). Let y be h(-3). Suppose 23*q - 663 = 6*q. What is the highest common divisor of q and y?
13
Let z = -46 + 50. Suppose 36 = j + i, z*j = 3*j + 3*i + 24. Calculate the greatest common divisor of j and 363.
33
Let p(d) = -14*d**3 - 8*d**2 - 10*d - 7. Let f be p(-5). Calculate the greatest common factor of f and 27.
27
Suppose -y - 12 = -23. Suppose -45 = -y*b + 10*b. Let h = 13 - 4. What is the greatest common divisor of h and b?
9
Let a be (-8)/12*-6 - -1. Suppose -g = -a + 2. Let c = g + 11. What is the highest common divisor of c and 28?
14
Let m = -22 - -30. Let t = -8 + m. Suppose -5*f + b + 31 = -4*f, -3*f - 2*b + 88 = t. Calculate the greatest common factor of 30 and f.
30
Let r be (-6)/(-8)*11*616/462. Let f = 40 - -59. Calculate the greatest common divisor of f and r.
11
Suppose 0 = 4*q - 2*q - 3*c - 8, 0 = 2*c. Let j be -4*(-5 + (5 - 3 - -2)). Let g = 8 - j. Calculate the greatest common factor of q and g.
4
Let i be 51*10/(-20)*-6. Calculate the greatest common factor of i and 68.
17
Let m(r) = 3*r - 8. Let z be m(4). Suppose -4*o + 35 = 2*q + o, 0 = -z*q - 3*o + 63. Let x be (3 + -6 + -2)*-27. Calculate the highest common factor of q and x.
15
Let j be (-1 - 0)*(1 + -8). Suppose -4*v + 13 + j = 0. Let x be -1 + (9 - (-48)/(-8)). What is the highest common factor of v and x?
1
Suppose -p + 9 = 5*w, 3*p - 15 = -2*p + 5*w. Let x be 40 + -2 + -2 + p. Let h be 21/(-6)*x/(-14). What is the greatest common factor of h and 70?
10
Suppose 0 = 73*i - 77*i + 140. What is the highest common divisor of i and 5?
5
Let p be 3/6*(9 + 4 + -7). Suppose 6 = p*k - 5*b + 4*b, 3*k = -5*b - 12. What is the greatest common factor of 1 and k?
1
Let m be 6*(-3)/9*-1. Suppose -63 + 21 = -2*y - m*i, -i = -2*y + 39. Suppose 82 + 65 = 3*r + 3*d, 0 = d + 1. What is the greatest common factor of r and y?
10
Suppose -3*v + 161 = -4*o + 2*o, -2*o = -5*v + 263. Let p = 91 - v. What is the greatest common factor of p and 5?
5
Let m be (1/3 + (-60)/(-36))/((-6)/(-9)). Suppose -414 = -5*q + 3*g, -4*g - 357 - 60 = -5*q. Calculate the greatest common factor of q and m.
3
Let w be (-286)/(-8) - (-2)/8. Suppose -4*o + v + 50 = 0, 0 = -o + 4*v + 9 + 11. Calculate the greatest common divisor of w and o.
12
Let o be (-1)/(0 - (-1)/(-3)). Suppose 360 = o*h - 72. Let v(n) = 4*n - 4. Let i be v(5). Calculate the greatest common divisor of i and h.
16
Let m = -18 - -26. Let q be ((-64)/6)/((-2)/3). Let p(t) = 2*t - 16. Let h be p(q). Calculate the highest common factor of h and m.
8
Let i(t) = -t**3 + 10*t**2 + 2*t + 22. Suppose 5*y - 45 = 3*y + 5*x, 4*x = -y - 10. Let l be i(y). Calculate the highest common factor of l and 14.
14
Suppose -5*z = -2*i + 90, i - 5*z + 4 = 44. Let a = -114 + 139. What is the greatest common divisor of i and a?
25
Let r be ((-14)/(-3))/((-2)/(-12)). Let g(a) = 252*a**2 - 16*a + 16. Let q be g(1). Calculate the highest common factor of q and r.
28
Let w(t) = 4*t**2 + t + 1. Let p be w(-2). Suppose -b - 4*b = -p. Calculate the highest common factor of 9 and b.
3
Suppose 0 = -2*a + o + 67, 3*a - 10 = -3*o + 86. Calculate the greatest common divisor of a and 55.
11
Suppose -2*m = -3*u - 2*u + 181, 2*u - 5*m = 85. Let y(q) = 11*q**2 - q + 3. Let h = -8 + 5. Let c be y(h). What is the highest common divisor of c and u?
35
Suppose 10*c = 5*c. Let g be c/(2 - 0/(-1)). Suppose g*d + 5*y + 41 = 2*d, 155 = 5*d + 5*y. Calculate the highest common factor of 4 and d.
4
Suppose -3 = -v - 1. Suppose 0*w = -v*w + 130. Let f = 29 - 16. Calculate the greatest common factor of w and f.
13
Suppose 77 = -21*r + 28*r. Suppose -t + 17 = -o - 101, t + 5*o - 136 = 0. Calculate the highest common divisor of t and r.
11
Let p = 275 - 255. What is the greatest common divisor of 160 and p?
20
Suppose -2*p + 4*n = -7*p + 511, 5*n - 20 = 0. What is the highest common factor of 18 and p?
9
Suppose -5*k = -1325 + 245. Suppose -k = -2*p - p. Suppose -3*s + 0*s = -27. What is the greatest common divisor of s and p?
9
Let o = 84 + -80. What is the greatest common factor of 12 and o?
4
Suppose -3*c - g - 9 = 0, -5*g = -0*g. Let h be 54*c/(-2 - 4). Let y = -37 - -55. What is the highest common factor of y and h?
9
Let m = -90 - 226. Let a be 4/(-12) + m/(-3). Calculate the highest common factor of 21 and a.
21
Let p = 66 - 33. Let g = -3 + 4. Suppose 10 = 3*y + g. What is the highest common divisor of y and p?
3
Let u(s) = 28 - s**2 - 42 - 14*s - 9*s + 7*s. Let l be u(-8). Calculate the highest common factor of 10 and l.
10
Suppose -4*v + 0*v + 1036 = 0. Let q be (30/20)/(6/148). Calculate the greatest common factor of q and v.
37
Suppose b - 27 = -24. Suppose b*c = -15, 3*c - 6*c = -w + 45. Calculate the greatest common divisor of 10 and w.
10
Let z be -8*1/2*-2. Let g be (z/(-20))/((-1)/(-25)). Let h(p) = p**2 + 6*p - 13. Let n be h(g). Calculate the great